{"id":32,"date":"2023-09-29T21:49:17","date_gmt":"2023-09-29T21:49:17","guid":{"rendered":"https:\/\/veerlespeltincx.be\/?page_id=32"},"modified":"2023-10-05T07:17:35","modified_gmt":"2023-10-05T07:17:35","slug":"home","status":"publish","type":"page","link":"https:\/\/veerlespeltincx.be\/","title":{"rendered":"HOME"},"content":{"rendered":"\t\t<div data-elementor-type=\"wp-page\" data-elementor-id=\"32\" class=\"elementor elementor-32\" data-elementor-post-type=\"page\">\n\t\t\t\t\t\t<section class=\"elementor-section elementor-top-section elementor-element elementor-element-40f46e52 elementor-section-height-min-height elementor-section-boxed elementor-section-height-default elementor-section-items-middle\" data-id=\"40f46e52\" data-element_type=\"section\" data-settings=\"{&quot;background_background&quot;:&quot;classic&quot;}\">\n\t\t\t\t\t\t\t<div class=\"elementor-background-overlay\"><\/div>\n\t\t\t\t\t\t\t<div class=\"elementor-container elementor-column-gap-default\">\n\t\t\t\t\t<div class=\"elementor-column elementor-col-100 elementor-top-column elementor-element elementor-element-2933215\" data-id=\"2933215\" data-element_type=\"column\">\n\t\t\t<div class=\"elementor-widget-wrap elementor-element-populated\">\n\t\t\t\t\t\t<div class=\"elementor-element elementor-element-40fed138 elementor-widget elementor-widget-heading\" data-id=\"40fed138\" data-element_type=\"widget\" data-widget_type=\"heading.default\">\n\t\t\t\t<div class=\"elementor-widget-container\">\n\t\t\t<h1 class=\"elementor-heading-title elementor-size-default\">SCHILDERIJEN OM TE KOESTEREN<\/h1>\t\t<\/div>\n\t\t\t\t<\/div>\n\t\t\t\t<div class=\"elementor-element elementor-element-20e8903e elementor-align-center elementor-widget elementor-widget-button\" data-id=\"20e8903e\" data-element_type=\"widget\" data-widget_type=\"button.default\">\n\t\t\t\t<div class=\"elementor-widget-container\">\n\t\t\t\t\t\t\t<div class=\"elementor-button-wrapper\">\n\t\t\t\t\t<a class=\"elementor-button elementor-button-link elementor-size-sm\" href=\"https:\/\/veerlespeltincx.be\/?page_id=127\">\n\t\t\t\t\t\t<span class=\"elementor-button-content-wrapper\">\n\t\t\t\t\t\t\t\t\t<span class=\"elementor-button-text\">Bekijk mijn werk <\/span>\n\t\t\t\t\t<\/span>\n\t\t\t\t\t<\/a>\n\t\t\t\t<\/div>\n\t\t\t\t\t\t<\/div>\n\t\t\t\t<\/div>\n\t\t\t\t\t<\/div>\n\t\t<\/div>\n\t\t\t\t\t<\/div>\n\t\t<\/section>\n\t\t\t\t<section class=\"elementor-section elementor-top-section elementor-element elementor-element-6263317a elementor-section-boxed elementor-section-height-default elementor-section-height-default\" data-id=\"6263317a\" data-element_type=\"section\">\n\t\t\t\t\t\t<div class=\"elementor-container elementor-column-gap-wider\">\n\t\t\t\t\t<div class=\"elementor-column elementor-col-100 elementor-top-column elementor-element elementor-element-618b5134\" data-id=\"618b5134\" data-element_type=\"column\">\n\t\t\t<div class=\"elementor-widget-wrap elementor-element-populated\">\n\t\t\t\t\t\t<section class=\"elementor-section elementor-inner-section elementor-element elementor-element-782bc8b9 elementor-section-boxed elementor-section-height-default elementor-section-height-default\" data-id=\"782bc8b9\" data-element_type=\"section\">\n\t\t\t\t\t\t<div class=\"elementor-container elementor-column-gap-default\">\n\t\t\t\t\t<div class=\"elementor-column elementor-col-33 elementor-inner-column elementor-element elementor-element-6a1219ac\" data-id=\"6a1219ac\" data-element_type=\"column\">\n\t\t\t<div class=\"elementor-widget-wrap elementor-element-populated\">\n\t\t\t\t\t\t<div class=\"elementor-element elementor-element-38a89110 elementor-widget elementor-widget-image\" data-id=\"38a89110\" data-element_type=\"widget\" data-widget_type=\"image.default\">\n\t\t\t\t<div class=\"elementor-widget-container\">\n\t\t\t\t\t\t\t\t\t\t\t\t\t<img fetchpriority=\"high\" decoding=\"async\" width=\"800\" height=\"800\" src=\"https:\/\/veerlespeltincx.be\/wp-content\/uploads\/2023\/10\/DSC4469-vierkant-1024x1024.jpg\" class=\"attachment-large size-large wp-image-209\" alt=\"\" srcset=\"https:\/\/veerlespeltincx.be\/wp-content\/uploads\/2023\/10\/DSC4469-vierkant-1024x1024.jpg 1024w, https:\/\/veerlespeltincx.be\/wp-content\/uploads\/2023\/10\/DSC4469-vierkant-300x300.jpg 300w, https:\/\/veerlespeltincx.be\/wp-content\/uploads\/2023\/10\/DSC4469-vierkant-150x150.jpg 150w, https:\/\/veerlespeltincx.be\/wp-content\/uploads\/2023\/10\/DSC4469-vierkant-768x768.jpg 768w, https:\/\/veerlespeltincx.be\/wp-content\/uploads\/2023\/10\/DSC4469-vierkant-1536x1536.jpg 1536w, https:\/\/veerlespeltincx.be\/wp-content\/uploads\/2023\/10\/DSC4469-vierkant-2048x2048.jpg 2048w\" sizes=\"(max-width: 800px) 100vw, 800px\" \/>\t\t\t\t\t\t\t\t\t\t\t\t\t<\/div>\n\t\t\t\t<\/div>\n\t\t\t\t\t<\/div>\n\t\t<\/div>\n\t\t\t\t<div class=\"elementor-column elementor-col-33 elementor-inner-column elementor-element elementor-element-c66e4bd\" data-id=\"c66e4bd\" data-element_type=\"column\">\n\t\t\t<div class=\"elementor-widget-wrap elementor-element-populated\">\n\t\t\t\t\t\t<div class=\"elementor-element elementor-element-44111a02 elementor-widget elementor-widget-image\" data-id=\"44111a02\" data-element_type=\"widget\" data-widget_type=\"image.default\">\n\t\t\t\t<div class=\"elementor-widget-container\">\n\t\t\t\t\t\t\t\t\t\t\t\t\t<img decoding=\"async\" width=\"800\" height=\"800\" src=\"https:\/\/veerlespeltincx.be\/wp-content\/uploads\/2023\/09\/DSC4462-vierkant-1024x1024.jpg\" class=\"attachment-large size-large wp-image-47\" alt=\"Verfborstels in handen\" srcset=\"https:\/\/veerlespeltincx.be\/wp-content\/uploads\/2023\/09\/DSC4462-vierkant-1024x1024.jpg 1024w, https:\/\/veerlespeltincx.be\/wp-content\/uploads\/2023\/09\/DSC4462-vierkant-300x300.jpg 300w, https:\/\/veerlespeltincx.be\/wp-content\/uploads\/2023\/09\/DSC4462-vierkant-150x150.jpg 150w, https:\/\/veerlespeltincx.be\/wp-content\/uploads\/2023\/09\/DSC4462-vierkant-768x768.jpg 768w, https:\/\/veerlespeltincx.be\/wp-content\/uploads\/2023\/09\/DSC4462-vierkant-1536x1536.jpg 1536w, https:\/\/veerlespeltincx.be\/wp-content\/uploads\/2023\/09\/DSC4462-vierkant-2048x2048.jpg 2048w\" sizes=\"(max-width: 800px) 100vw, 800px\" \/>\t\t\t\t\t\t\t\t\t\t\t\t\t<\/div>\n\t\t\t\t<\/div>\n\t\t\t\t\t<\/div>\n\t\t<\/div>\n\t\t\t\t<div class=\"elementor-column elementor-col-33 elementor-inner-column elementor-element elementor-element-3dab81b\" data-id=\"3dab81b\" data-element_type=\"column\">\n\t\t\t<div class=\"elementor-widget-wrap elementor-element-populated\">\n\t\t\t\t\t\t<div class=\"elementor-element elementor-element-61f457f8 elementor-widget elementor-widget-image\" data-id=\"61f457f8\" data-element_type=\"widget\" data-widget_type=\"image.default\">\n\t\t\t\t<div class=\"elementor-widget-container\">\n\t\t\t\t\t\t\t\t\t\t\t\t\t<img decoding=\"async\" width=\"800\" height=\"800\" src=\"https:\/\/veerlespeltincx.be\/wp-content\/uploads\/2023\/09\/DSC4466-vierkant-1024x1024.jpg\" class=\"attachment-large size-large wp-image-48\" alt=\"Foto Veerle\" srcset=\"https:\/\/veerlespeltincx.be\/wp-content\/uploads\/2023\/09\/DSC4466-vierkant-1024x1024.jpg 1024w, https:\/\/veerlespeltincx.be\/wp-content\/uploads\/2023\/09\/DSC4466-vierkant-300x300.jpg 300w, https:\/\/veerlespeltincx.be\/wp-content\/uploads\/2023\/09\/DSC4466-vierkant-150x150.jpg 150w, https:\/\/veerlespeltincx.be\/wp-content\/uploads\/2023\/09\/DSC4466-vierkant-768x768.jpg 768w, https:\/\/veerlespeltincx.be\/wp-content\/uploads\/2023\/09\/DSC4466-vierkant-1536x1536.jpg 1536w, https:\/\/veerlespeltincx.be\/wp-content\/uploads\/2023\/09\/DSC4466-vierkant-2048x2048.jpg 2048w\" sizes=\"(max-width: 800px) 100vw, 800px\" \/>\t\t\t\t\t\t\t\t\t\t\t\t\t<\/div>\n\t\t\t\t<\/div>\n\t\t\t\t\t<\/div>\n\t\t<\/div>\n\t\t\t\t\t<\/div>\n\t\t<\/section>\n\t\t\t\t<div class=\"elementor-element elementor-element-6fa966f8 elementor-align-center elementor-mobile-align-center elementor-widget elementor-widget-button\" data-id=\"6fa966f8\" data-element_type=\"widget\" data-widget_type=\"button.default\">\n\t\t\t\t<div class=\"elementor-widget-container\">\n\t\t\t\t\t\t\t<div class=\"elementor-button-wrapper\">\n\t\t\t\t\t<a class=\"elementor-button elementor-button-link elementor-size-sm\" href=\"https:\/\/veerlespeltincx.be\/?page_id=127\">\n\t\t\t\t\t\t<span class=\"elementor-button-content-wrapper\">\n\t\t\t\t\t\t\t\t\t<span class=\"elementor-button-text\">Bekijk mijn werk <\/span>\n\t\t\t\t\t<\/span>\n\t\t\t\t\t<\/a>\n\t\t\t\t<\/div>\n\t\t\t\t\t\t<\/div>\n\t\t\t\t<\/div>\n\t\t\t\t\t<\/div>\n\t\t<\/div>\n\t\t\t\t\t<\/div>\n\t\t<\/section>\n\t\t\t\t<section class=\"elementor-section elementor-top-section elementor-element elementor-element-6f5f9732 elementor-section-boxed elementor-section-height-default elementor-section-height-default\" data-id=\"6f5f9732\" data-element_type=\"section\">\n\t\t\t\t\t\t<div class=\"elementor-container elementor-column-gap-default\">\n\t\t\t\t\t<div class=\"elementor-column elementor-col-66 elementor-top-column elementor-element elementor-element-52d1968c\" data-id=\"52d1968c\" data-element_type=\"column\">\n\t\t\t<div class=\"elementor-widget-wrap elementor-element-populated\">\n\t\t\t\t\t\t<div class=\"elementor-element elementor-element-7f753292 elementor-widget elementor-widget-heading\" data-id=\"7f753292\" data-element_type=\"widget\" data-widget_type=\"heading.default\">\n\t\t\t\t<div class=\"elementor-widget-container\">\n\t\t\t<h2 class=\"elementor-heading-title elementor-size-default\">KOESTERKUNSTENAAR<\/h2>\t\t<\/div>\n\t\t\t\t<\/div>\n\t\t\t\t<section class=\"elementor-section elementor-inner-section elementor-element elementor-element-47c3d8a4 elementor-section-boxed elementor-section-height-default elementor-section-height-default\" data-id=\"47c3d8a4\" data-element_type=\"section\">\n\t\t\t\t\t\t<div class=\"elementor-container elementor-column-gap-default\">\n\t\t\t\t\t<div class=\"elementor-column elementor-col-50 elementor-inner-column elementor-element elementor-element-31fb10e3\" data-id=\"31fb10e3\" data-element_type=\"column\">\n\t\t\t<div class=\"elementor-widget-wrap elementor-element-populated\">\n\t\t\t\t\t\t<div class=\"elementor-element elementor-element-52261100 elementor-widget elementor-widget-text-editor\" data-id=\"52261100\" data-element_type=\"widget\" data-widget_type=\"text-editor.default\">\n\t\t\t\t<div class=\"elementor-widget-container\">\n\t\t\t\t\t\t\t<p>Ik ben Veerle. Ik schilder portretten en maak vrij werk om te koesteren.<\/p><p>In koesterportretten combineer ik mijn ervaring als ritueelbegeleider en luisterend oor met schilderen. Vanuit jouw (of jullie) verhaal en uitgezochte foto\u2019s ga ik aan de slag om liefdevol portret in de verf te zetten. <\/p>\t\t\t\t\t\t<\/div>\n\t\t\t\t<\/div>\n\t\t\t\t\t<\/div>\n\t\t<\/div>\n\t\t\t\t<div class=\"elementor-column elementor-col-50 elementor-inner-column elementor-element elementor-element-72f30bd4\" data-id=\"72f30bd4\" data-element_type=\"column\">\n\t\t\t<div class=\"elementor-widget-wrap elementor-element-populated\">\n\t\t\t\t\t\t<div class=\"elementor-element elementor-element-2c98735a elementor-widget elementor-widget-text-editor\" data-id=\"2c98735a\" data-element_type=\"widget\" data-widget_type=\"text-editor.default\">\n\t\t\t\t<div class=\"elementor-widget-container\">\n\t\t\t\t\t\t\t<p>Zo krijgt een geliefde overledene op een mooie manier weer wat meer ruimte in je leefomgeving.<\/p><p>Daarnaast laat ik mijn verfborstels hun eigen ding doen in werk dat ik zelf cre\u00eber. Met een grote voorliefde voor portretten en lijven. Want in \u2018vel\u2019 de onderliggende kleuren zoeken, dat vind ik fantastisch. Ik streef ernaar dit zo levendig mogelijk op doek te zetten.<\/p>\t\t\t\t\t\t<\/div>\n\t\t\t\t<\/div>\n\t\t\t\t\t<\/div>\n\t\t<\/div>\n\t\t\t\t\t<\/div>\n\t\t<\/section>\n\t\t\t\t<div class=\"elementor-element elementor-element-67e23324 elementor-align-left elementor-mobile-align-center elementor-widget elementor-widget-button\" data-id=\"67e23324\" data-element_type=\"widget\" data-widget_type=\"button.default\">\n\t\t\t\t<div class=\"elementor-widget-container\">\n\t\t\t\t\t\t\t<div class=\"elementor-button-wrapper\">\n\t\t\t\t\t<a class=\"elementor-button elementor-button-link elementor-size-sm\" href=\"https:\/\/veerlespeltincx.be\/?page_id=91\">\n\t\t\t\t\t\t<span class=\"elementor-button-content-wrapper\">\n\t\t\t\t\t\t\t\t\t<span class=\"elementor-button-text\">Lees mijn verhaal verder <\/span>\n\t\t\t\t\t<\/span>\n\t\t\t\t\t<\/a>\n\t\t\t\t<\/div>\n\t\t\t\t\t\t<\/div>\n\t\t\t\t<\/div>\n\t\t\t\t\t<\/div>\n\t\t<\/div>\n\t\t\t\t<div class=\"elementor-column elementor-col-33 elementor-top-column elementor-element elementor-element-63b0f104\" data-id=\"63b0f104\" data-element_type=\"column\">\n\t\t\t<div class=\"elementor-widget-wrap elementor-element-populated\">\n\t\t\t\t\t\t<div class=\"elementor-element elementor-element-3f2fad7a elementor-widget__width-initial elementor-widget elementor-widget-image\" data-id=\"3f2fad7a\" data-element_type=\"widget\" data-widget_type=\"image.default\">\n\t\t\t\t<div class=\"elementor-widget-container\">\n\t\t\t\t\t\t\t\t\t\t\t\t\t<img loading=\"lazy\" decoding=\"async\" width=\"683\" height=\"1024\" src=\"https:\/\/veerlespeltincx.be\/wp-content\/uploads\/2023\/09\/DSC4253-k-683x1024.jpg\" class=\"attachment-large size-large wp-image-51\" alt=\"Veerle met bloemen\" srcset=\"https:\/\/veerlespeltincx.be\/wp-content\/uploads\/2023\/09\/DSC4253-k-683x1024.jpg 683w, https:\/\/veerlespeltincx.be\/wp-content\/uploads\/2023\/09\/DSC4253-k-200x300.jpg 200w, https:\/\/veerlespeltincx.be\/wp-content\/uploads\/2023\/09\/DSC4253-k-768x1151.jpg 768w, https:\/\/veerlespeltincx.be\/wp-content\/uploads\/2023\/09\/DSC4253-k-1025x1536.jpg 1025w, https:\/\/veerlespeltincx.be\/wp-content\/uploads\/2023\/09\/DSC4253-k-1367x2048.jpg 1367w, https:\/\/veerlespeltincx.be\/wp-content\/uploads\/2023\/09\/DSC4253-k-scaled.jpg 1709w\" sizes=\"(max-width: 683px) 100vw, 683px\" \/>\t\t\t\t\t\t\t\t\t\t\t\t\t<\/div>\n\t\t\t\t<\/div>\n\t\t\t\t\t<\/div>\n\t\t<\/div>\n\t\t\t\t\t<\/div>\n\t\t<\/section>\n\t\t\t\t<section class=\"elementor-section elementor-top-section elementor-element elementor-element-194c7777 elementor-section-boxed elementor-section-height-default elementor-section-height-default\" data-id=\"194c7777\" data-element_type=\"section\">\n\t\t\t\t\t\t<div class=\"elementor-container elementor-column-gap-default\">\n\t\t\t\t\t<div class=\"elementor-column elementor-col-100 elementor-top-column elementor-element elementor-element-60ee8732\" data-id=\"60ee8732\" data-element_type=\"column\">\n\t\t\t<div class=\"elementor-widget-wrap elementor-element-populated\">\n\t\t\t\t\t\t<div class=\"elementor-element elementor-element-54bd5cc3 elementor-widget elementor-widget-heading\" data-id=\"54bd5cc3\" data-element_type=\"widget\" data-widget_type=\"heading.default\">\n\t\t\t\t<div class=\"elementor-widget-container\">\n\t\t\t<h3 class=\"elementor-heading-title elementor-size-default\">MOOIE WOORDEN<\/h3>\t\t<\/div>\n\t\t\t\t<\/div>\n\t\t\t\t<section class=\"elementor-section elementor-inner-section elementor-element elementor-element-49f83df0 elementor-section-boxed elementor-section-height-default elementor-section-height-default\" data-id=\"49f83df0\" data-element_type=\"section\">\n\t\t\t\t\t\t<div class=\"elementor-container elementor-column-gap-wide\">\n\t\t\t\t\t<div class=\"elementor-column elementor-col-33 elementor-inner-column elementor-element elementor-element-1193b167\" data-id=\"1193b167\" data-element_type=\"column\" data-settings=\"{&quot;background_background&quot;:&quot;classic&quot;}\">\n\t\t\t<div class=\"elementor-widget-wrap elementor-element-populated\">\n\t\t\t\t\t\t<div class=\"elementor-element elementor-element-6df208a9 elementor-widget elementor-widget-heading\" data-id=\"6df208a9\" data-element_type=\"widget\" data-widget_type=\"heading.default\">\n\t\t\t\t<div class=\"elementor-widget-container\">\n\t\t\t<h2 class=\"elementor-heading-title elementor-size-default\">Review<\/h2>\t\t<\/div>\n\t\t\t\t<\/div>\n\t\t\t\t<div class=\"elementor-element elementor-element-15436b23 elementor-widget elementor-widget-text-editor\" data-id=\"15436b23\" data-element_type=\"widget\" data-widget_type=\"text-editor.default\">\n\t\t\t\t<div class=\"elementor-widget-container\">\n\t\t\t\t\t\t\t<p>\u201cMijn ouders waren zwaar onder de indruk van ons verhaal en onze reis naar het schilderij toe. Elk detail werd besproken en enorm bewonderd. Het mooiste compliment? Haar glimlach voel je en is zo perfect!<br \/>Ik kan je niet genoeg bedanken. Het voelt gewoon zo onwijs goed haar weer thuis te hebben.\u201d\u00a0<\/p><p>Ank (koesterportret van zus)<\/p>\t\t\t\t\t\t<\/div>\n\t\t\t\t<\/div>\n\t\t\t\t\t<\/div>\n\t\t<\/div>\n\t\t\t\t<div class=\"elementor-column elementor-col-33 elementor-inner-column elementor-element elementor-element-438bfc64\" data-id=\"438bfc64\" data-element_type=\"column\" data-settings=\"{&quot;background_background&quot;:&quot;classic&quot;}\">\n\t\t\t<div class=\"elementor-widget-wrap elementor-element-populated\">\n\t\t\t\t\t\t<div class=\"elementor-element elementor-element-499b8cc elementor-widget elementor-widget-heading\" data-id=\"499b8cc\" data-element_type=\"widget\" data-widget_type=\"heading.default\">\n\t\t\t\t<div class=\"elementor-widget-container\">\n\t\t\t<h2 class=\"elementor-heading-title elementor-size-default\">Review<\/h2>\t\t<\/div>\n\t\t\t\t<\/div>\n\t\t\t\t<div class=\"elementor-element elementor-element-4cb11882 elementor-widget elementor-widget-text-editor\" data-id=\"4cb11882\" data-element_type=\"widget\" data-widget_type=\"text-editor.default\">\n\t\t\t\t<div class=\"elementor-widget-container\">\n\t\t\t\t\t\t\t<p>\u201cAl jaren houden we de herinnering aan mijn vader levend voor onze kinderen. De opa die ze niet of maar heel even hebben gehad, de peter die nog altijd gemist wordt\u2026 Na een goed gesprek met ons is Veerle aan de slag gegaan. We staan versteld hoe ze daaruit de essentie heeft gehaald om mijn vader zo treffend te kunnen vatten in \u00e9\u00e9n schilderij. Van bij de eerste schetsen hadden we het gevoel dat ze iets bijzonder waardevol aan het cre\u00ebren was. En elke stap verder maakte het nog beter. Op \u00e9\u00e9n of andere manier maakt het de herinneringen aan hem nog meer tastbaar, en houdt het zijn verhaal nog meer levend. Dit prachtige aandenken gaan we koesteren, ons leven lang. Dankjewel!\u201d\u00a0<\/p><p>T. en K. (koesterportret van opa)<\/p>\t\t\t\t\t\t<\/div>\n\t\t\t\t<\/div>\n\t\t\t\t\t<\/div>\n\t\t<\/div>\n\t\t\t\t<div class=\"elementor-column elementor-col-33 elementor-inner-column elementor-element elementor-element-5d454834\" data-id=\"5d454834\" data-element_type=\"column\" data-settings=\"{&quot;background_background&quot;:&quot;classic&quot;}\">\n\t\t\t<div class=\"elementor-widget-wrap elementor-element-populated\">\n\t\t\t\t\t\t<div class=\"elementor-element elementor-element-538dd88b elementor-widget elementor-widget-heading\" data-id=\"538dd88b\" data-element_type=\"widget\" data-widget_type=\"heading.default\">\n\t\t\t\t<div class=\"elementor-widget-container\">\n\t\t\t<h2 class=\"elementor-heading-title elementor-size-default\">Review<\/h2>\t\t<\/div>\n\t\t\t\t<\/div>\n\t\t\t\t<div class=\"elementor-element elementor-element-35c0f718 elementor-widget elementor-widget-text-editor\" data-id=\"35c0f718\" data-element_type=\"widget\" data-widget_type=\"text-editor.default\">\n\t\t\t\t<div class=\"elementor-widget-container\">\n\t\t\t\t\t\t\t<p>Handen die ontvangen<br \/>Verwelkomen ook en kwetsbaarheid tonen<br \/>Schoonheid die vastgelegd wordt\u00a0<br \/>(h)open en (h)eerlijk om naar te kijken\u2026<\/p><p>Chantal (vrij werk)<\/p>\t\t\t\t\t\t<\/div>\n\t\t\t\t<\/div>\n\t\t\t\t\t<\/div>\n\t\t<\/div>\n\t\t\t\t\t<\/div>\n\t\t<\/section>\n\t\t\t\t\t<\/div>\n\t\t<\/div>\n\t\t\t\t\t<\/div>\n\t\t<\/section>\n\t\t\t\t<section class=\"elementor-section elementor-top-section elementor-element elementor-element-4ea91205 elementor-section-boxed elementor-section-height-default elementor-section-height-default\" data-id=\"4ea91205\" data-element_type=\"section\" data-settings=\"{&quot;background_background&quot;:&quot;classic&quot;}\">\n\t\t\t\t\t\t\t<div class=\"elementor-background-overlay\"><\/div>\n\t\t\t\t\t\t\t<div class=\"elementor-container elementor-column-gap-default\">\n\t\t\t\t\t<div class=\"elementor-column elementor-col-100 elementor-top-column elementor-element elementor-element-1749a3a7\" data-id=\"1749a3a7\" data-element_type=\"column\">\n\t\t\t<div class=\"elementor-widget-wrap elementor-element-populated\">\n\t\t\t\t\t\t<div class=\"elementor-element elementor-element-7be4da9b elementor-widget elementor-widget-heading\" data-id=\"7be4da9b\" data-element_type=\"widget\" data-widget_type=\"heading.default\">\n\t\t\t\t<div class=\"elementor-widget-container\">\n\t\t\t<h2 class=\"elementor-heading-title elementor-size-default\"><a href=\"https:\/\/www.subscribepage.com\/nieuwsbriefkoesterkunst\">MELD JE AAN VOOR DE NIEUWSBRIEF<\/a><\/h2>\t\t<\/div>\n\t\t\t\t<\/div>\n\t\t\t\t\t<\/div>\n\t\t<\/div>\n\t\t\t\t\t<\/div>\n\t\t<\/section>\n\t\t\t\t<\/div>\n\t\t","protected":false},"excerpt":{"rendered":"<p>SCHILDERIJEN OM TE KOESTEREN Bekijk mijn werk Bekijk mijn werk KOESTERKUNSTENAAR Ik ben Veerle. Ik schilder portretten en maak vrij werk om te koesteren. In koesterportretten combineer ik mijn ervaring als ritueelbegeleider en luisterend oor met schilderen. Vanuit jouw (of jullie) verhaal en uitgezochte foto\u2019s ga ik aan de slag om liefdevol portret in de [&hellip;]<\/p>\n","protected":false},"author":2,"featured_media":34,"parent":0,"menu_order":0,"comment_status":"closed","ping_status":"closed","template":"","meta":{"footnotes":""},"class_list":["post-32","page","type-page","status-publish","has-post-thumbnail","hentry"],"_links":{"self":[{"href":"https:\/\/veerlespeltincx.be\/index.php?rest_route=\/wp\/v2\/pages\/32","targetHints":{"allow":["GET"]}}],"collection":[{"href":"https:\/\/veerlespeltincx.be\/index.php?rest_route=\/wp\/v2\/pages"}],"about":[{"href":"https:\/\/veerlespeltincx.be\/index.php?rest_route=\/wp\/v2\/types\/page"}],"author":[{"embeddable":true,"href":"https:\/\/veerlespeltincx.be\/index.php?rest_route=\/wp\/v2\/users\/2"}],"replies":[{"embeddable":true,"href":"https:\/\/veerlespeltincx.be\/index.php?rest_route=%2Fwp%2Fv2%2Fcomments&post=32"}],"version-history":[{"count":37,"href":"https:\/\/veerlespeltincx.be\/index.php?rest_route=\/wp\/v2\/pages\/32\/revisions"}],"predecessor-version":[{"id":218,"href":"https:\/\/veerlespeltincx.be\/index.php?rest_route=\/wp\/v2\/pages\/32\/revisions\/218"}],"wp:featuredmedia":[{"embeddable":true,"href":"https:\/\/veerlespeltincx.be\/index.php?rest_route=\/wp\/v2\/media\/34"}],"wp:attachment":[{"href":"https:\/\/veerlespeltincx.be\/index.php?rest_route=%2Fwp%2Fv2%2Fmedia&parent=32"}],"curies":[{"name":"wp","href":"https:\/\/api.w.org\/{rel}","templated":true}]}}